[INFO] cloning repository https://github.com/ryna4c2e/kiss3dtest
[INFO] running `Command { std: "git" "-c" "credential.helper=" "-c" "credential.helper=/workspace/cargo-home/bin/git-credential-null" "clone" "--bare" "https://github.com/ryna4c2e/kiss3dtest" "/workspace/cache/git-repos/https%3A%2F%2Fgithub.com%2Fryna4c2e%2Fkiss3dtest", kill_on_drop: false }`
[INFO] [stderr] Cloning into bare repository '/workspace/cache/git-repos/https%3A%2F%2Fgithub.com%2Fryna4c2e%2Fkiss3dtest'...
[INFO] running `Command { std: "git" "rev-parse" "HEAD", kill_on_drop: false }`
[INFO] [stdout] c8bd37c74a4196a333fe3aec4b75be2d85be2c86
[INFO] checking ryna4c2e/kiss3dtest against try#72f88fc4e9458f89516a0b8b0868f3718aec5b47 for pr-74989
[INFO] running `Command { std: "git" "clone" "/workspace/cache/git-repos/https%3A%2F%2Fgithub.com%2Fryna4c2e%2Fkiss3dtest" "/workspace/builds/worker-1/source", kill_on_drop: false }`
[INFO] [stderr] Cloning into '/workspace/builds/worker-1/source'...
[INFO] [stderr] done.
[INFO] validating manifest of git repo https://github.com/ryna4c2e/kiss3dtest on toolchain 72f88fc4e9458f89516a0b8b0868f3718aec5b47
[INFO] running `Command { std: "/workspace/cargo-home/bin/cargo" "+72f88fc4e9458f89516a0b8b0868f3718aec5b47" "read-manifest" "--manifest-path" "Cargo.toml", kill_on_drop: false }`
[INFO] started tweaking git repo https://github.com/ryna4c2e/kiss3dtest
[INFO] finished tweaking git repo https://github.com/ryna4c2e/kiss3dtest
[INFO] tweaked toml for git repo https://github.com/ryna4c2e/kiss3dtest written to /workspace/builds/worker-1/source/Cargo.toml
[INFO] crate git repo https://github.com/ryna4c2e/kiss3dtest already has a lockfile, it will not be regenerated
[INFO] running `Command { std: "/workspace/cargo-home/bin/cargo" "+72f88fc4e9458f89516a0b8b0868f3718aec5b47" "fetch" "--locked" "--manifest-path" "Cargo.toml", kill_on_drop: false }`
[INFO] [stderr]     Updating git repository `https://github.com/sebcrozet/kiss3d`
[INFO] [stderr] error: the lock file /workspace/builds/worker-1/source/Cargo.lock needs to be updated but --locked was passed to prevent this
[INFO] [stderr] If you want to try to generate the lock file without accessing the network, use the --offline flag.
[INFO] the lockfile is outdated, regenerating it
[INFO] running `Command { std: "/workspace/cargo-home/bin/cargo" "+72f88fc4e9458f89516a0b8b0868f3718aec5b47" "generate-lockfile" "--manifest-path" "Cargo.toml" "-Zno-index-update", kill_on_drop: false }`
[INFO] [stderr]     Updating git repository `https://github.com/sebcrozet/kiss3d`
[INFO] running `Command { std: "/workspace/cargo-home/bin/cargo" "+72f88fc4e9458f89516a0b8b0868f3718aec5b47" "fetch" "--locked" "--manifest-path" "Cargo.toml", kill_on_drop: false }`
[INFO] [stderr]     Blocking waiting for file lock on package cache
[INFO] [stderr]  Downloading crates ...
[INFO] [stderr]   Downloaded ncollide3d v0.24.0
[INFO] [stderr]   Downloaded nalgebra v0.8.2
[INFO] running `Command { std: "docker" "create" "-v" "/var/lib/crater-agent-workspace/builds/worker-1/target:/opt/rustwide/target:rw,Z" "-v" "/var/lib/crater-agent-workspace/builds/worker-1/source:/opt/rustwide/workdir:ro,Z" "-v" "/var/lib/crater-agent-workspace/cargo-home:/opt/rustwide/cargo-home:ro,Z" "-v" "/var/lib/crater-agent-workspace/rustup-home:/opt/rustwide/rustup-home:ro,Z" "-e" "SOURCE_DIR=/opt/rustwide/workdir" "-e" "CARGO_TARGET_DIR=/opt/rustwide/target" "-e" "CARGO_HOME=/opt/rustwide/cargo-home" "-e" "RUSTUP_HOME=/opt/rustwide/rustup-home" "-w" "/opt/rustwide/workdir" "-m" "1610612736" "--user" "0:0" "--network" "none" "rustops/crates-build-env@sha256:d92eaeed33fa75130ca1ee6c8a01d1ffb62bac859dfdfb3450e3e5d1c0146529" "/opt/rustwide/cargo-home/bin/cargo" "+72f88fc4e9458f89516a0b8b0868f3718aec5b47" "metadata" "--no-deps" "--format-version=1", kill_on_drop: false }`
[INFO] [stdout] 7ef3351faa39f2dbddce79148926458106f7c7740a3d8b16446683770e71acae
[INFO] [stderr] WARNING: Your kernel does not support swap limit capabilities or the cgroup is not mounted. Memory limited without swap.
[INFO] running `Command { std: "docker" "start" "-a" "7ef3351faa39f2dbddce79148926458106f7c7740a3d8b16446683770e71acae", kill_on_drop: false }`
[INFO] running `Command { std: "docker" "inspect" "7ef3351faa39f2dbddce79148926458106f7c7740a3d8b16446683770e71acae", kill_on_drop: false }`
[INFO] running `Command { std: "docker" "rm" "-f" "7ef3351faa39f2dbddce79148926458106f7c7740a3d8b16446683770e71acae", kill_on_drop: false }`
[INFO] [stdout] 7ef3351faa39f2dbddce79148926458106f7c7740a3d8b16446683770e71acae
[INFO] running `Command { std: "docker" "create" "-v" "/var/lib/crater-agent-workspace/builds/worker-1/target:/opt/rustwide/target:rw,Z" "-v" "/var/lib/crater-agent-workspace/builds/worker-1/source:/opt/rustwide/workdir:ro,Z" "-v" "/var/lib/crater-agent-workspace/cargo-home:/opt/rustwide/cargo-home:ro,Z" "-v" "/var/lib/crater-agent-workspace/rustup-home:/opt/rustwide/rustup-home:ro,Z" "-e" "SOURCE_DIR=/opt/rustwide/workdir" "-e" "CARGO_TARGET_DIR=/opt/rustwide/target" "-e" "CARGO_INCREMENTAL=0" "-e" "RUST_BACKTRACE=full" "-e" "RUSTFLAGS=--cap-lints=forbid" "-e" "CARGO_HOME=/opt/rustwide/cargo-home" "-e" "RUSTUP_HOME=/opt/rustwide/rustup-home" "-w" "/opt/rustwide/workdir" "-m" "1610612736" "--user" "0:0" "--network" "none" "rustops/crates-build-env@sha256:d92eaeed33fa75130ca1ee6c8a01d1ffb62bac859dfdfb3450e3e5d1c0146529" "/opt/rustwide/cargo-home/bin/cargo" "+72f88fc4e9458f89516a0b8b0868f3718aec5b47" "check" "--frozen" "--all" "--all-targets" "--message-format=json", kill_on_drop: false }`
[INFO] [stderr] WARNING: Your kernel does not support swap limit capabilities or the cgroup is not mounted. Memory limited without swap.
[INFO] [stdout] 31e5912b63f5737977cc6cb4bbe6087646ab687427588bedc06f095209291eba
[INFO] running `Command { std: "docker" "start" "-a" "31e5912b63f5737977cc6cb4bbe6087646ab687427588bedc06f095209291eba", kill_on_drop: false }`
[INFO] [stderr]    Compiling autocfg v1.0.1
[INFO] [stderr]    Compiling libc v0.2.77
[INFO] [stderr]     Checking lazy_static v1.4.0
[INFO] [stderr]    Compiling xml-rs v0.8.3
[INFO] [stderr]    Compiling unicode-xid v0.1.0
[INFO] [stderr]    Compiling byteorder v1.3.4
[INFO] [stderr]     Checking rand_core v0.4.2
[INFO] [stderr]    Compiling autocfg v0.1.7
[INFO] [stderr]    Compiling log v0.4.11
[INFO] [stderr]    Compiling libloading v0.6.3
[INFO] [stderr]    Compiling getrandom v0.1.15
[INFO] [stderr]     Checking downcast-rs v1.2.0
[INFO] [stderr]     Checking linked-hash-map v0.5.3
[INFO] [stderr]    Compiling rayon-core v1.8.0
[INFO] [stderr]    Compiling pkg-config v0.3.18
[INFO] [stderr]     Checking stable_deref_trait v1.2.0
[INFO] [stderr]    Compiling syn v0.15.44
[INFO] [stderr]    Compiling proc-macro2 v1.0.21
[INFO] [stderr]    Compiling proc-macro-hack v0.5.18
[INFO] [stderr]    Compiling typenum v1.12.0
[INFO] [stderr]     Checking ppv-lite86 v0.2.9
[INFO] [stderr]     Checking either v1.6.0
[INFO] [stderr]    Compiling unicode-xid v0.2.1
[INFO] [stderr]     Checking scopeguard v0.3.3
[INFO] [stderr]    Compiling syn v1.0.41
[INFO] [stderr]     Checking hashbrown v0.9.0
[INFO] [stderr]    Compiling serde_derive v1.0.116
[INFO] [stderr]    Compiling serde v1.0.116
[INFO] [stderr]     Checking percent-encoding v1.0.1
[INFO] [stderr]     Checking slotmap v0.4.0
[INFO] [stderr]     Checking slab v0.4.2
[INFO] [stderr]     Checking smallvec v1.4.2
[INFO] [stderr]     Checking instant v0.1.6
[INFO] [stderr]     Checking owning_ref v0.4.1
[INFO] [stderr]     Checking rand_core v0.3.1
[INFO] [stderr]     Checking rand_jitter v0.1.4
[INFO] [stderr]     Checking inflate v0.4.5
[INFO] [stderr]    Compiling rand_chacha v0.1.1
[INFO] [stderr]    Compiling rand_pcg v0.1.2
[INFO] [stderr]    Compiling rand v0.6.5
[INFO] [stderr]    Compiling proc-macro2 v0.4.30
[INFO] [stderr]    Compiling num-traits v0.2.12
[INFO] [stderr]    Compiling crossbeam-utils v0.7.2
[INFO] [stderr]    Compiling memoffset v0.5.5
[INFO] [stderr]    Compiling crossbeam-epoch v0.8.2
[INFO] [stderr]    Compiling num-integer v0.1.43
[INFO] [stderr]    Compiling num-rational v0.2.4
[INFO] [stderr]    Compiling num-complex v0.2.4
[INFO] [stderr]    Compiling num-iter v0.1.41
[INFO] [stderr]    Compiling rayon v1.4.0
[INFO] [stderr]    Compiling indexmap v1.6.0
[INFO] [stderr]     Checking rand_isaac v0.1.1
[INFO] [stderr]     Checking rand_hc v0.1.0
[INFO] [stderr]     Checking rand_xorshift v0.1.1
[INFO] [stderr]     Checking crc32fast v1.2.0
[INFO] [stderr]     Checking lock_api v0.1.5
[INFO] [stderr]    Compiling parking_lot_core v0.4.0
[INFO] [stderr]    Compiling x11-dl v2.18.5
[INFO] [stderr]    Compiling gl_generator v0.14.0
[INFO] [stderr]    Compiling gl_generator v0.10.0
[INFO] [stderr]    Compiling quote v0.6.13
[INFO] [stderr]     Checking dlib v0.4.2
[INFO] [stderr]    Compiling wayland-scanner v0.21.13
[INFO] [stderr]     Checking wayland-sys v0.21.13
[INFO] [stderr]     Checking stb_truetype v0.3.1
[INFO] [stderr]     Checking deflate v0.7.20
[INFO] [stderr]    Compiling paste-impl v0.1.18
[INFO] [stderr]    Compiling quote v1.0.7
[INFO] [stderr]     Checking crossbeam-channel v0.4.4
[INFO] [stderr]     Checking num_cpus v1.13.0
[INFO] [stderr]     Checking nix v0.14.1
[INFO] [stderr]     Checking rand_os v0.1.3
[INFO] [stderr]     Checking rand v0.4.6
[INFO] [stderr]     Checking memmap v0.7.0
[INFO] [stderr]     Checking shared_library v0.1.9
[INFO] [stderr]     Checking petgraph v0.5.1
[INFO] [stderr]     Checking rand_core v0.5.1
[INFO] [stderr]     Checking crossbeam-deque v0.7.3
[INFO] [stderr]     Checking png v0.15.3
[INFO] [stderr]     Checking approx v0.3.2
[INFO] [stderr]     Checking ordered-float v1.1.0
[INFO] [stderr]     Checking line_drawing v0.7.0
[INFO] [stderr]     Checking num-complex v0.1.43
[INFO] [stderr]     Checking generic-array v0.13.2
[INFO] [stderr]     Checking osmesa-sys v0.1.2
[INFO] [stderr]     Checking rand_chacha v0.2.2
[INFO] [stderr]     Checking rusttype v0.8.3
[INFO] [stderr]     Checking paste v0.1.18
[INFO] [stderr]     Checking rand v0.3.23
[INFO] [stderr]    Compiling glutin v0.19.0
[INFO] [stderr]    Compiling gl v0.14.0
[INFO] [stderr]     Checking num-bigint v0.1.44
[INFO] [stderr]     Checking rand v0.7.3
[INFO] [stderr]     Checking simba v0.2.0
[INFO] [stderr]     Checking rusttype v0.7.9
[INFO] [stderr]     Checking andrew v0.2.1
[INFO] [stderr]     Checking parking_lot v0.7.1
[INFO] [stderr]    Compiling wayland-client v0.21.13
[INFO] [stderr]    Compiling wayland-protocols v0.21.13
[INFO] [stderr]     Checking num-rational v0.1.42
[INFO] [stderr]     Checking rand_distr v0.2.2
[INFO] [stderr]     Checking num v0.1.42
[INFO] [stderr]     Checking nalgebra v0.8.2
[INFO] [stderr]    Compiling num-derive v0.2.5
[INFO] [stderr]     Checking nalgebra v0.22.0
[INFO] [stderr]     Checking wayland-commons v0.21.13
[INFO] [stderr]     Checking jpeg-decoder v0.1.20
[INFO] [stderr]     Checking tiff v0.3.1
[INFO] [stderr]     Checking image v0.22.5
[INFO] [stderr]     Checking smithay-client-toolkit v0.4.6
[INFO] [stderr]     Checking winit v0.18.1
[INFO] [stderr]     Checking ncollide3d v0.24.0
[INFO] [stderr]     Checking kiss3d v0.25.0 (https://github.com/sebcrozet/kiss3d#3fd1ec19)
[INFO] [stderr]     Checking kiss3dtest v0.1.0 (/opt/rustwide/workdir)
[INFO] [stdout] error[E0308]: mismatched types
[INFO] [stdout]   --> src/main.rs:49:36
[INFO] [stdout]    |
[INFO] [stdout] 49 |     Rc::new(RefCell::new(Mesh::new(vertices, indices, None, None, false)))
[INFO] [stdout]    |                                    ^^^^^^^^ expected struct `kiss3d::nalgebra::Point`, found struct `na::Point3`
[INFO] [stdout]    |
[INFO] [stdout]    = note: expected struct `Vec<kiss3d::nalgebra::Point<f32, U3>>`
[INFO] [stdout]               found struct `Vec<na::Point3<f32>>`
[INFO] [stdout] 
[INFO] [stdout] 
[INFO] [stdout] error[E0308]: mismatched types
[INFO] [stdout]   --> src/main.rs:49:36
[INFO] [stdout]    |
[INFO] [stdout] 49 |     Rc::new(RefCell::new(Mesh::new(vertices, indices, None, None, false)))
[INFO] [stdout]    |                                    ^^^^^^^^ expected struct `kiss3d::nalgebra::Point`, found struct `na::Point3`
[INFO] [stdout]    |
[INFO] [stdout]    = note: expected struct `Vec<kiss3d::nalgebra::Point<f32, U3>>`
[INFO] [stdout]               found struct `Vec<na::Point3<f32>>`
[INFO] [stdout] 
[INFO] [stdout] 
[INFO] [stdout] error[E0308]: mismatched types
[INFO] [stdout]   --> src/main.rs:49:46
[INFO] [stdout]    |
[INFO] [stdout] 49 |     Rc::new(RefCell::new(Mesh::new(vertices, indices, None, None, false)))
[INFO] [stdout]    |                                              ^^^^^^^ expected struct `kiss3d::nalgebra::Point`, found struct `na::Point3`
[INFO] [stdout]    |
[INFO] [stdout]    = note: expected struct `Vec<kiss3d::nalgebra::Point<u16, U3>>`
[INFO] [stdout]               found struct `Vec<na::Point3<u32>>`
[INFO] [stdout] 
[INFO] [stdout] 
[INFO] [stdout] error[E0308]: mismatched types
[INFO] [stdout]   --> src/main.rs:49:46
[INFO] [stdout]    |
[INFO] [stdout] 49 |     Rc::new(RefCell::new(Mesh::new(vertices, indices, None, None, false)))
[INFO] [stdout]    |                                              ^^^^^^^ expected struct `kiss3d::nalgebra::Point`, found struct `na::Point3`
[INFO] [stdout]    |
[INFO] [stdout]    = note: expected struct `Vec<kiss3d::nalgebra::Point<u16, U3>>`
[INFO] [stdout]               found struct `Vec<na::Point3<u32>>`
[INFO] [stdout] 
[INFO] [stdout] 
[INFO] [stdout] error[E0308]: mismatched types
[INFO] [stdout]   --> src/main.rs:92:51
[INFO] [stdout]    |
[INFO] [stdout] 92 |     let mut camera = kiss3d::camera::ArcBall::new(Point3::new(0.0f32, 0.0, 1.0), na::origin());
[INFO] [stdout]    |                                                   ^^^^^^^^^^^^^^^^^^^^^^^^^^^^^ expected struct `kiss3d::nalgebra::Point`, found struct `na::Point3`
[INFO] [stdout]    |
[INFO] [stdout]    = note: expected struct `kiss3d::nalgebra::Point<f32, U3>`
[INFO] [stdout]               found struct `na::Point3<f32>`
[INFO] [stdout] 
[INFO] [stdout] 
[INFO] [stdout] error[E0277]: the trait bound `kiss3d::nalgebra::Point<f32, U3>: Origin` is not satisfied
[INFO] [stdout]    --> src/main.rs:92:82
[INFO] [stdout]     |
[INFO] [stdout] 92  |     let mut camera = kiss3d::camera::ArcBall::new(Point3::new(0.0f32, 0.0, 1.0), na::origin());
[INFO] [stdout]     |                                                                                  ^^^^^^^^^^ the trait `Origin` is not implemented for `kiss3d::nalgebra::Point<f32, U3>`
[INFO] [stdout]     | 
[INFO] [stdout]    ::: /opt/rustwide/cargo-home/registry/src/github.com-1ecc6299db9ec823/nalgebra-0.8.2/src/lib.rs:308:18
[INFO] [stdout]     |
[INFO] [stdout] 308 | pub fn origin<P: Origin>() -> P {
[INFO] [stdout]     |                  ------ required by this bound in `na::origin`
[INFO] [stdout] 
[INFO] [stdout] 
[INFO] [stdout] error[E0277]: the trait bound `kiss3d::nalgebra::Matrix<f32, U3, U1, ArrayStorage<f32, U3, U1>>: num_traits::identities::One` is not satisfied
[INFO] [stdout]    --> src/main.rs:101:53
[INFO] [stdout]     |
[INFO] [stdout] 101 |     let mut c1 = window.add_geom_with_name("curve", na::one()).unwrap();
[INFO] [stdout]     |                                                     ^^^^^^^ the trait `num_traits::identities::One` is not implemented for `kiss3d::nalgebra::Matrix<f32, U3, U1, ArrayStorage<f32, U3, U1>>`
[INFO] [stdout]     | 
[INFO] [stdout]    ::: /opt/rustwide/cargo-home/registry/src/github.com-1ecc6299db9ec823/nalgebra-0.8.2/src/lib.rs:296:15
[INFO] [stdout]     |
[INFO] [stdout] 296 | pub fn one<T: One>() -> T {
[INFO] [stdout]     |               --- required by this bound in `na::one`
[INFO] [stdout]     |
[INFO] [stdout]     = help: the following implementations were found:
[INFO] [stdout]               <kiss3d::nalgebra::Matrix<N, D, D, <DefaultAllocator as Allocator<N, D, D>>::Buffer> as num_traits::identities::One>
[INFO] [stdout] 
[INFO] [stdout] 
[INFO] [stdout] error[E0277]: the trait bound `kiss3d::nalgebra::Matrix<f32, U3, U1, ArrayStorage<f32, U3, U1>>: num_traits::identities::One` is not satisfied
[INFO] [stdout]    --> src/main.rs:102:56
[INFO] [stdout]     |
[INFO] [stdout] 102 |     let mut c2 = window.add_geom_with_name("straight", na::one()).unwrap();
[INFO] [stdout]     |                                                        ^^^^^^^ the trait `num_traits::identities::One` is not implemented for `kiss3d::nalgebra::Matrix<f32, U3, U1, ArrayStorage<f32, U3, U1>>`
[INFO] [stdout]     | 
[INFO] [stdout]    ::: /opt/rustwide/cargo-home/registry/src/github.com-1ecc6299db9ec823/nalgebra-0.8.2/src/lib.rs:296:15
[INFO] [stdout]     |
[INFO] [stdout] 296 | pub fn one<T: One>() -> T {
[INFO] [stdout]     |               --- required by this bound in `na::one`
[INFO] [stdout]     |
[INFO] [stdout]     = help: the following implementations were found:
[INFO] [stdout]               <kiss3d::nalgebra::Matrix<N, D, D, <DefaultAllocator as Allocator<N, D, D>>::Buffer> as num_traits::identities::One>
[INFO] [stdout] 
[INFO] [stdout] 
[INFO] [stdout] error[E0277]: the trait bound `kiss3d::nalgebra::Matrix<f32, U3, U1, ArrayStorage<f32, U3, U1>>: num_traits::identities::One` is not satisfied
[INFO] [stdout]    --> src/main.rs:103:53
[INFO] [stdout]     |
[INFO] [stdout] 103 |     let mut c3 = window.add_geom_with_name("curve", na::one()).unwrap();
[INFO] [stdout]     |                                                     ^^^^^^^ the trait `num_traits::identities::One` is not implemented for `kiss3d::nalgebra::Matrix<f32, U3, U1, ArrayStorage<f32, U3, U1>>`
[INFO] [stdout]     | 
[INFO] [stdout]    ::: /opt/rustwide/cargo-home/registry/src/github.com-1ecc6299db9ec823/nalgebra-0.8.2/src/lib.rs:296:15
[INFO] [stdout]     |
[INFO] [stdout] 296 | pub fn one<T: One>() -> T {
[INFO] [stdout]     |               --- required by this bound in `na::one`
[INFO] [stdout]     |
[INFO] [stdout]     = help: the following implementations were found:
[INFO] [stdout]               <kiss3d::nalgebra::Matrix<N, D, D, <DefaultAllocator as Allocator<N, D, D>>::Buffer> as num_traits::identities::One>
[INFO] [stdout] 
[INFO] [stdout] 
[INFO] [stdout] error[E0308]: mismatched types
[INFO] [stdout]   --> src/main.rs:92:51
[INFO] [stdout]    |
[INFO] [stdout] 92 |     let mut camera = kiss3d::camera::ArcBall::new(Point3::new(0.0f32, 0.0, 1.0), na::origin());
[INFO] [stdout]    |                                                   ^^^^^^^^^^^^^^^^^^^^^^^^^^^^^ expected struct `kiss3d::nalgebra::Point`, found struct `na::Point3`
[INFO] [stdout]    |
[INFO] [stdout]    = note: expected struct `kiss3d::nalgebra::Point<f32, U3>`
[INFO] [stdout]               found struct `na::Point3<f32>`
[INFO] [stdout] 
[INFO] [stdout] 
[INFO] [stdout] error[E0277]: the trait bound `kiss3d::nalgebra::Point<f32, U3>: Origin` is not satisfied
[INFO] [stdout]    --> src/main.rs:92:82
[INFO] [stdout]     |
[INFO] [stdout] 92  |     let mut camera = kiss3d::camera::ArcBall::new(Point3::new(0.0f32, 0.0, 1.0), na::origin());
[INFO] [stdout]     |                                                                                  ^^^^^^^^^^ the trait `Origin` is not implemented for `kiss3d::nalgebra::Point<f32, U3>`
[INFO] [stdout]     | 
[INFO] [stdout]    ::: /opt/rustwide/cargo-home/registry/src/github.com-1ecc6299db9ec823/nalgebra-0.8.2/src/lib.rs:308:18
[INFO] [stdout]     |
[INFO] [stdout] 308 | pub fn origin<P: Origin>() -> P {
[INFO] [stdout]     |                  ------ required by this bound in `na::origin`
[INFO] [stdout] 
[INFO] [stdout] 
[INFO] [stdout] error[E0277]: the trait bound `kiss3d::nalgebra::Matrix<f32, U3, U1, ArrayStorage<f32, U3, U1>>: num_traits::identities::One` is not satisfied
[INFO] [stdout]    --> src/main.rs:101:53
[INFO] [stdout]     |
[INFO] [stdout] 101 |     let mut c1 = window.add_geom_with_name("curve", na::one()).unwrap();
[INFO] [stdout]     |                                                     ^^^^^^^ the trait `num_traits::identities::One` is not implemented for `kiss3d::nalgebra::Matrix<f32, U3, U1, ArrayStorage<f32, U3, U1>>`
[INFO] [stdout]     | 
[INFO] [stdout]    ::: /opt/rustwide/cargo-home/registry/src/github.com-1ecc6299db9ec823/nalgebra-0.8.2/src/lib.rs:296:15
[INFO] [stdout]     |
[INFO] [stdout] 296 | pub fn one<T: One>() -> T {
[INFO] [stdout]     |               --- required by this bound in `na::one`
[INFO] [stdout]     |
[INFO] [stdout]     = help: the following implementations were found:
[INFO] [stdout]               <kiss3d::nalgebra::Matrix<N, D, D, <DefaultAllocator as Allocator<N, D, D>>::Buffer> as num_traits::identities::One>
[INFO] [stdout] 
[INFO] [stdout] 
[INFO] [stdout] error[E0277]: the trait bound `kiss3d::nalgebra::Matrix<f32, U3, U1, ArrayStorage<f32, U3, U1>>: num_traits::identities::One` is not satisfied
[INFO] [stdout]    --> src/main.rs:102:56
[INFO] [stdout]     |
[INFO] [stdout] 102 |     let mut c2 = window.add_geom_with_name("straight", na::one()).unwrap();
[INFO] [stdout]     |                                                        ^^^^^^^ the trait `num_traits::identities::One` is not implemented for `kiss3d::nalgebra::Matrix<f32, U3, U1, ArrayStorage<f32, U3, U1>>`
[INFO] [stdout]     | 
[INFO] [stdout]    ::: /opt/rustwide/cargo-home/registry/src/github.com-1ecc6299db9ec823/nalgebra-0.8.2/src/lib.rs:296:15
[INFO] [stdout]     |
[INFO] [stdout] 296 | pub fn one<T: One>() -> T {
[INFO] [stdout]     |               --- required by this bound in `na::one`
[INFO] [stdout]     |
[INFO] [stdout]     = help: the following implementations were found:
[INFO] [stdout]               <kiss3d::nalgebra::Matrix<N, D, D, <DefaultAllocator as Allocator<N, D, D>>::Buffer> as num_traits::identities::One>
[INFO] [stdout] 
[INFO] [stdout] 
[INFO] [stdout] error[E0277]: the trait bound `kiss3d::nalgebra::Matrix<f32, U3, U1, ArrayStorage<f32, U3, U1>>: num_traits::identities::One` is not satisfied
[INFO] [stdout]    --> src/main.rs:103:53
[INFO] [stdout]     |
[INFO] [stdout] 103 |     let mut c3 = window.add_geom_with_name("curve", na::one()).unwrap();
[INFO] [stdout]     |                                                     ^^^^^^^ the trait `num_traits::identities::One` is not implemented for `kiss3d::nalgebra::Matrix<f32, U3, U1, ArrayStorage<f32, U3, U1>>`
[INFO] [stdout]     | 
[INFO] [stdout]    ::: /opt/rustwide/cargo-home/registry/src/github.com-1ecc6299db9ec823/nalgebra-0.8.2/src/lib.rs:296:15
[INFO] [stdout]     |
[INFO] [stdout] 296 | pub fn one<T: One>() -> T {
[INFO] [stdout]     |               --- required by this bound in `na::one`
[INFO] [stdout]     |
[INFO] [stdout]     = help: the following implementations were found:
[INFO] [stdout]               <kiss3d::nalgebra::Matrix<N, D, D, <DefaultAllocator as Allocator<N, D, D>>::Buffer> as num_traits::identities::One>
[INFO] [stdout] 
[INFO] [stdout] 
[INFO] [stdout] error[E0308]: mismatched types
[INFO] [stdout]    --> src/main.rs:107:34
[INFO] [stdout]     |
[INFO] [stdout] 107 |     c1.prepend_to_local_rotation(&Vector3::new(0.0, 0.0, -pi2));
[INFO] [stdout]     |                                  ^^^^^^^^^^^^^^^^^^^^^^^^^^^^^ expected struct `Unit`, found struct `na::Vector3`
[INFO] [stdout]     |
[INFO] [stdout]     = note: expected reference `&Unit<kiss3d::nalgebra::Quaternion<f32>>`
[INFO] [stdout]                found reference `&na::Vector3<f32>`
[INFO] [stdout] 
[INFO] [stdout] 
[INFO] [stdout] error[E0308]: mismatched types
[INFO] [stdout]    --> src/main.rs:107:34
[INFO] [stdout]     |
[INFO] [stdout] 107 |     c1.prepend_to_local_rotation(&Vector3::new(0.0, 0.0, -pi2));
[INFO] [stdout]     |                                  ^^^^^^^^^^^^^^^^^^^^^^^^^^^^^ expected struct `Unit`, found struct `na::Vector3`
[INFO] [stdout]     |
[INFO] [stdout]     = note: expected reference `&Unit<kiss3d::nalgebra::Quaternion<f32>>`
[INFO] [stdout]                found reference `&na::Vector3<f32>`
[INFO] [stdout] 
[INFO] [stdout] 
[INFO] [stdout] error[E0308]: mismatched types
[INFO] [stdout]    --> src/main.rs:108:27
[INFO] [stdout]     |
[INFO] [stdout] 108 |     c1.append_translation(&Vector3::new(1.0, 0.0, 0.0));
[INFO] [stdout]     |                           ^^^^^^^^^^^^^^^^^^^^^^^^^^^^ expected struct `kiss3d::nalgebra::Translation`, found struct `na::Vector3`
[INFO] [stdout]     |
[INFO] [stdout]     = note: expected reference `&kiss3d::nalgebra::Translation<f32, U3>`
[INFO] [stdout]                found reference `&na::Vector3<{float}>`
[INFO] [stdout] 
[INFO] [stdout] 
[INFO] [stdout] error[E0308]: mismatched types
[INFO] [stdout]    --> src/main.rs:110:34
[INFO] [stdout]     |
[INFO] [stdout] 110 |     c3.prepend_to_local_rotation(&Vector3::new(0.0, 0.0, -pi2/2.0));
[INFO] [stdout]     |                                  ^^^^^^^^^^^^^^^^^^^^^^^^^^^^^^^^^ expected struct `Unit`, found struct `na::Vector3`
[INFO] [stdout]     |
[INFO] [stdout]     = note: expected reference `&Unit<kiss3d::nalgebra::Quaternion<f32>>`
[INFO] [stdout]                found reference `&na::Vector3<f32>`
[INFO] [stdout] 
[INFO] [stdout] 
[INFO] [stdout] error[E0308]: mismatched types
[INFO] [stdout]    --> src/main.rs:108:27
[INFO] [stdout]     |
[INFO] [stdout] 108 |     c1.append_translation(&Vector3::new(1.0, 0.0, 0.0));
[INFO] [stdout]     |                           ^^^^^^^^^^^^^^^^^^^^^^^^^^^^ expected struct `kiss3d::nalgebra::Translation`, found struct `na::Vector3`
[INFO] [stdout]     |
[INFO] [stdout]     = note: expected reference `&kiss3d::nalgebra::Translation<f32, U3>`
[INFO] [stdout]                found reference `&na::Vector3<{float}>`
[INFO] [stdout] 
[INFO] [stdout] 
[INFO] [stdout] error[E0308]: mismatched types
[INFO] [stdout]    --> src/main.rs:111:27
[INFO] [stdout]     |
[INFO] [stdout] 111 |     c3.append_translation(&Vector3::new(1.0f32 + 0.5f32.sqrt(), 1.0 - 0.5f32.sqrt(), 0.0));
[INFO] [stdout]     |                           ^^^^^^^^^^^^^^^^^^^^^^^^^^^^^^^^^^^^^^^^^^^^^^^^^^^^^^^^^^^^^^^ expected struct `kiss3d::nalgebra::Translation`, found struct `na::Vector3`
[INFO] [stdout]     |
[INFO] [stdout]     = note: expected reference `&kiss3d::nalgebra::Translation<f32, U3>`
[INFO] [stdout]                found reference `&na::Vector3<f32>`
[INFO] [stdout] 
[INFO] [stdout] 
[INFO] [stdout] error[E0308]: mismatched types
[INFO] [stdout]    --> src/main.rs:110:34
[INFO] [stdout]     |
[INFO] [stdout] 110 |     c3.prepend_to_local_rotation(&Vector3::new(0.0, 0.0, -pi2/2.0));
[INFO] [stdout]     |                                  ^^^^^^^^^^^^^^^^^^^^^^^^^^^^^^^^^ expected struct `Unit`, found struct `na::Vector3`
[INFO] [stdout]     |
[INFO] [stdout]     = note: expected reference `&Unit<kiss3d::nalgebra::Quaternion<f32>>`
[INFO] [stdout]                found reference `&na::Vector3<f32>`
[INFO] [stdout] 
[INFO] [stdout] 
[INFO] [stdout] error[E0308]: mismatched types
[INFO] [stdout]    --> src/main.rs:113:24
[INFO] [stdout]     |
[INFO] [stdout] 113 |     c2.append_rotation(&Vector3::new(0.0, 0.0, -pi2));
[INFO] [stdout]     |                        ^^^^^^^^^^^^^^^^^^^^^^^^^^^^^ expected struct `Unit`, found struct `na::Vector3`
[INFO] [stdout]     |
[INFO] [stdout]     = note: expected reference `&Unit<kiss3d::nalgebra::Quaternion<f32>>`
[INFO] [stdout]                found reference `&na::Vector3<f32>`
[INFO] [stdout] 
[INFO] [stdout] 
[INFO] [stdout] error: aborting due to 12 previous errors
[INFO] [stdout] 
[INFO] [stdout] 
[INFO] [stdout] Some errors have detailed explanations: E0277, E0308.
[INFO] [stdout] 
[INFO] [stdout] For more information about an error, try `rustc --explain E0277`.
[INFO] [stdout] 
[INFO] [stderr] error: could not compile `kiss3dtest`.
[INFO] [stderr] 
[INFO] [stderr] To learn more, run the command again with --verbose.
[INFO] [stderr] warning: build failed, waiting for other jobs to finish...
[INFO] [stdout] error[E0308]: mismatched types
[INFO] [stdout]    --> src/main.rs:111:27
[INFO] [stdout]     |
[INFO] [stdout] 111 |     c3.append_translation(&Vector3::new(1.0f32 + 0.5f32.sqrt(), 1.0 - 0.5f32.sqrt(), 0.0));
[INFO] [stdout]     |                           ^^^^^^^^^^^^^^^^^^^^^^^^^^^^^^^^^^^^^^^^^^^^^^^^^^^^^^^^^^^^^^^ expected struct `kiss3d::nalgebra::Translation`, found struct `na::Vector3`
[INFO] [stdout]     |
[INFO] [stdout]     = note: expected reference `&kiss3d::nalgebra::Translation<f32, U3>`
[INFO] [stdout]                found reference `&na::Vector3<f32>`
[INFO] [stdout] 
[INFO] [stdout] 
[INFO] [stdout] error[E0308]: mismatched types
[INFO] [stdout]    --> src/main.rs:113:24
[INFO] [stdout]     |
[INFO] [stdout] 113 |     c2.append_rotation(&Vector3::new(0.0, 0.0, -pi2));
[INFO] [stdout]     |                        ^^^^^^^^^^^^^^^^^^^^^^^^^^^^^ expected struct `Unit`, found struct `na::Vector3`
[INFO] [stdout]     |
[INFO] [stdout]     = note: expected reference `&Unit<kiss3d::nalgebra::Quaternion<f32>>`
[INFO] [stdout]                found reference `&na::Vector3<f32>`
[INFO] [stdout] 
[INFO] [stdout] 
[INFO] [stdout] error: aborting due to 12 previous errors
[INFO] [stdout] 
[INFO] [stdout] 
[INFO] [stdout] Some errors have detailed explanations: E0277, E0308.
[INFO] [stdout] 
[INFO] [stdout] For more information about an error, try `rustc --explain E0277`.
[INFO] [stdout] 
[INFO] [stderr] error: build failed
[INFO] running `Command { std: "docker" "inspect" "31e5912b63f5737977cc6cb4bbe6087646ab687427588bedc06f095209291eba", kill_on_drop: false }`
[INFO] running `Command { std: "docker" "rm" "-f" "31e5912b63f5737977cc6cb4bbe6087646ab687427588bedc06f095209291eba", kill_on_drop: false }`
[INFO] [stdout] 31e5912b63f5737977cc6cb4bbe6087646ab687427588bedc06f095209291eba
